 - 3*h + s*h. Let r be b(2). Calculate the greatest common divisor of r and 30.
10
Suppose 8*q + 218 - 1226 = 0. Suppose -2*b - 2*m = -32 + 170, 2*b = -5*m - 153. Let n be (-1144)/b - 1/(-8). What is the highest common factor of n and q?
18
Let m be 56/(-2 - 0)*(-102)/17. Let f be 12/14 + 4*6/m. Let n = 3 - f. Calculate the greatest common divisor of n and 18.
2
Suppose 4*g + 3*b - 4051 = 0, -21*b = -g - 16*b + 1030. Calculate the greatest common factor of g and 455.
35
Let n = 15 + -3. Let c(u) = 55*u**2 + 7*u + 6. Let r be c(-1). Suppose -3*j + 33 = -g, -4*j - 6*g + r = -4*g. What is the highest common factor of n and j?
12
Let g be 11/((-88)/24)*3*4. Let z = g - -38. What is the highest common divisor of z and 11?
1
Let d(a) = -a**3 + 13*a**2 + 18*a - 48. Let y be d(14). Let x(h) = h**2 - 4*h - 23. Let c be x(y). What is the greatest common factor of c and 1?
1
Let f = -18984 + 25067. Calculate the greatest common divisor of f and 99.
11
Let k(m) = -12*m - 128. Let f be k(-12). Let u = 132 - 423. Let o = u + 435. Calculate the greatest common divisor of f and o.
16
Let k(v) = 82*v**3 - 11*v**2 + 58*v - 17. Let l be k(3). Calculate the greatest common factor of 96 and l.
32
Let q = -1029 + 1020. Let g be ((-4554)/115)/(q/30). What is the highest common divisor of 44 and g?
44
Suppose 12 = u + 7, 4*v - 2357 = -5*u. Suppose 5*n = -z + 55, 0 = 2*n + n + 2*z - 33. Calculate the highest common factor of v and n.
11
Let m(v) = v**3 - 26*v**2 + 10*v + 140. Let r be m(28). Calculate the greatest common factor of r and 28.
28
Let g(r) = -17*r**2 - 648*r + 32. Let m be g(-38). Let c = 151 - 67. What is the highest common factor of c and m?
12
Suppose 0 = 2*z - 5*z + 48. Let l(q) = 75*q**2 - 978*q - 977. Let c be l(-1). Calculate the greatest common factor of c and z.
4
Suppose 5*q = 3*q + 2*p + 608, q + 2*p - 310 = 0. Calculate the highest common divisor of 54 and q.
18
Suppose -943 = 80*a - 6223. What is the greatest common divisor of 5214 and a?
66
Suppose 7*t = 3*t + 2676. Let w = t - 399. Let o = -4 - -58. Calculate the greatest common divisor of w and o.
54
Let z be (1640/41)/(0 - -2). Calculate the greatest common factor of 1170 and z.
10
Suppose 4*p + 11 = 3*t + 3, 5*t - p - 2 = 0. Suppose -13*v + v + 384 = t. Let j = 379 - 235. What is the highest common divisor of j and v?
16
Suppose -3*t + 5*n = 2*t - 655, n = 2*t - 257. Suppose -t = -8*x + 26. Let h(i) = 56*i**3 + 1. Let j be h(1). Calculate the greatest common divisor of j and x.
19
Suppose -5*p + s + 1509 = -2151, -3*s - 1477 = -2*p. Calculate the highest common factor of 43 and p.
43
Let x(i) = 183*i + 916. Let g be x(-4). Calculate the highest common divisor of g and 24.
8
Suppose -5 = -p + 29. Let w = -22 + p. What is the highest common divisor of 4 and w?
4
Let q = -296 + 298. Let i(r) = 3*r**2 + 2*r - 3. Let p be i(3). Let b be (-2 - 4/(-1))/(q/p). Calculate the highest common divisor of 150 and b.
30
Let i be (-13 + (-289)/(-17))*59/4. Calculate the greatest common divisor of 9381 and i.
59
Suppose -42 = -5*c + 18. Let y be (110/25)/((-5)/(-50)). Suppose -3*t + w = -37, -4*w + y = 3*t + t. What is the highest common divisor of t and c?
12
Let j = 6889 + -6852. Calculate the highest common factor of 19166 and j.
37
Let o be (3 + -1)*8/(-56) - (-12501)/21. What is the highest common divisor of 2465 and o?
85
Suppose 0 = 4*k + 4*o - 4, 2 = -3*k - 2*o + 3. Let p be 1/(k/4)*(-8 + -17). Let i = 5 + 35. What is the highest common divisor of p and i?
20
Let i be ((-2)/(-4))/(11/66). Suppose 0 = -3*l + i*p + 759, 3*p = 5*l + 2*p - 1253. Calculate the highest common divisor of 100 and l.
50
Let k = 22005 + -21919. What is the greatest common divisor of k and 559?
43
Let b(d) = -d**3 - 18*d**2 - 308*d + 244. Let f be b(-25). Calculate the highest common factor of 254 and f.
127
Let f be 25 - (5 - (6 + -7)). Let t be (-3 - -23)/(-1) + 3. Let n = 36 + t. What is the greatest common factor of f and n?
19
Let i = 4536 + -4486. Calculate the highest common factor of 225 and i.
25
Suppose 0 = 3*c - i - 76, -2*c + 4*i - 90 = -124. Suppose -4*h - 18 - 10 = 0. Let d be (-134)/(-5) - h/35. Calculate the highest common factor of c and d.
27
Let w(z) = z**2 + 51*z + 17741. Let b be w(0). Calculate the highest common factor of b and 113.
113
Suppose 58*a - 448 = 54*a + 3*s, 0 = 5*s - 20. What is the greatest common factor of 535 and a?
5
Let z(w) = 143*w - 3005. Let d be z(22). Calculate the highest common factor of d and 5123.
47
Let i be 3252/30 - ((-90)/25 + 4) - -4. Calculate the greatest common factor of 736 and i.
16
Let c = -29085 + 29450. Calculate the greatest common divisor of c and 4599.
73
Suppose -22*x + 35*x - 273 = 0. Suppose 37*i - 48 = 29*i. What is the greatest common divisor of x and i?
3
Suppose -3*p + 45 = 12*p. Suppose -5*n + 217 = -0*l + p*l, 2*l - 123 = n. Calculate the highest common divisor of 320 and l.
64
Let y be 2 + 82/2 + 1. Let u(l) = -l**3 + 4*l**2 + 4*l - 12. Let q = 250 - 246. Let a be u(q). What is the greatest common factor of a and y?
4
Let h(s) = s**3 + 15*s**2 + 11*s + 82. Let i be h(-14). Calculate the highest common divisor of 961 and i.
31
Let k = -319 + 315. Let v be (k/(-6))/(((-2)/(-3))/2). Calculate the highest common factor of v and 29.
1
Suppose -90 + 73 - 100 = -13*a. Let h(l) = 12*l - 40*l**2 - 6 - l - l**3 + 27*l**2. Let p be h(-14). What is the greatest common factor of a and p?
9
Suppose 8*y = -0*y + 1232. Let r = -42 + y. Calculate the greatest common divisor of r and 42.
14
Let i = -5002 + 5115. What is the greatest common factor of i and 1243?
113
Suppose -5*w - 4*f + 94 + 17 = 0, 4*f - 42 = -2*w. Suppose -w = -4*m + 85. Let a be 18/m + (-120)/(-9). Calculate the greatest common divisor of 56 and a.
14
Suppose 0 = 2*q - u - 13, q - 22 = 4*u + 2. Suppose q*j - 3*m = -4 + 72, 3*m = 2*j - 34. Calculate the greatest common factor of j and 391.
17
Suppose -29*u + 64485 = 334*u + 4590. Suppose 3*y + 4*f = 2*f + 58, -y + 18 = f. What is the greatest common factor of y and u?
11
Suppose 5*h = y - 7, 3*y - 3*h = 34 - 13. Let j be -1*(20/70 - (-88)/(-14)). Let l be (j - 0)*-9*21/(-18). Calculate the highest common divisor of l and y.
7
Let h = -6 + 10. Suppose -3*s = 3*y - 21, -5*y - 4*s + 25 = -5. Let u be ((-28)/21 + y)*3. What is the greatest common factor of h and u?
2
Let k(v) = -7 - 1632*v + 1608*v - v**2 + 0*v**2. Let p be k(-21). Let m be 0 - 5/(5/(-8)). Calculate the highest common factor of m and p.
8
Let x be ((-234)/91)/((-21)/2842). What is the highest common factor of x and 612?
12
Suppose -3*y + n = -215, -43*n + 40*n = y - 95. What is the highest common factor of 1258 and y?
74
Let a(c) = c**3 + 27*c**2 + 9*c + 327. Let i be a(-27). What is the greatest common divisor of i and 129?
3
Let a be (1/3*1*-10)/(250/(-8250)). Let v(p) = 2*p + 8. Let i be v(7). Calculate the greatest common factor of i and a.
22
Let l be 31 - 12 - 46*-441. What is the greatest common divisor of 5 and l?
5
Let z(y) = y**2 - 7*y + 4. Let m be z(6). Let w(r) = -4*r**3 - 3*r**2. Let u be w(m). Let f = -36848 + 36863. What is the greatest common divisor of u and f?
5
Let p = -12589 - -13405. What is the highest common divisor of 336 and p?
48
Suppose 1266*x + 2508 = 1269*x. What is the highest common factor of 308 and x?
44
Let y(d) = d**3 + 28*d**2 + 27*d - 8. Let v be y(-28). Let s = 791 + v. What is the highest common factor of 12 and s?
3
Suppose y + y = 26. Let u = 67 - 34. Suppose 604 = 7*m - u. What is the highest common divisor of m and y?
13
Suppose -6*t + 13*t = 21. Suppose 80 = t*c - 55. What is the highest common divisor of c and 18?
9
Suppose -214*x - 27 = -n - 216*x, 2*x + 88 = 4*n. Calculate the greatest common divisor of n and 1403.
23
Suppose 2*k - k = -2. Let n be k/12 - (0 + (-254)/12). Let c be (-4)/(-6) - (-259)/n. What is the highest common factor of 26 and c?
13
Suppose 2031 = -9*d + 6477. Let p be d/65*(-5)/(-2). What is the greatest common divisor of 209 and p?
19
Suppose -4 = 5*t - t. Let w(k) be the first derivative of -3*k**2/2 - k + 3. Let v be w(t). Calculate the greatest common divisor of v and 2.
2
Let h be 11/2 + 6/4 + -2. Suppose h*x = -3*t + 71, 3*t + 9 = x + t. What is the greatest common divisor of 91 and x?
13
Let t(k) = 235*k**2 +